 j(i).
9
Let t(w) = -w**2 - 2*w - 1. Suppose -i + 0*i - 4*u = 2, 8 = -4*i - 5*u. Give t(i).
-1
Let p(j) be the first derivative of -j**3/3 - j**2/2 + 21. What is p(0)?
0
Suppose 5*b - b = 12. Let l(q) be the second derivative of q**4/12 + q**3/3 - q**2 + 8*q. What is l(b)?
13
Let h = -8 + 9. Let o(a) = -7 - 2*a + 0 + h. What is o(-6)?
6
Let j = -16 - -15. Let l(t) = 2*t**2 + t**3 - t**2 + 0*t**2 - 1. Calculate l(j).
-1
Suppose 3*n - 5*n + 4 = 0. Let c be 3/6*n + 1. Let g(y) = c*y**3 - y**3 + 4*y**2 - 2*y**3. Determine g(4).
0
Let a(c) = -1 - 2 + 5 - 1 + 8*c. Calculate a(1).
9
Let h(j) = -5*j**3 + 9*j**2 + 7*j - 1. Let n(g) = -g**3 + g**2 - 1. Let f(o) = -h(o) + 4*n(o). What is f(6)?
-9
Let a(v) = -v + 1. Let i = 22 + -20. Suppose -i = 2*l - 4. What is a(l)?
0
Let h(p) = 7*p**3 - p. Let v = 12 - 11. Give h(v).
6
Suppose u - 3 = -3*v + 9, -v + 3*u = 6. Suppose 6 = 3*y - v. Suppose 15 + 0 = y*o. Let x(q) = -q**2 + 4*q + 6. Determine x(o).
1
Let a(q) = q**3 + 5*q**2 + 3*q. Suppose 5*f = -3*i + 4 + 6, 0 = -3*f + 5*i + 6. Suppose -4*h - 21 = 5*s, -f*h - s = h + 13. What is a(h)?
4
Let c(t) be the first derivative of t**4/4 - 3*t**2/2 + 3*t + 1. Let u be c(2). Let x(z) be the first derivative of z**2 + z + 8. What is x(u)?
11
Let p(z) = -2*z - 4. Let k be p(-3). Let i(u) = 6*u**2 + u**2 - 4*u + 8*u**k + 3*u. Calculate i(1).
14
Let m(r) = -r**2 - 3*r + 5. Let f(h) = 2*h**2 + 3*h - 6. Let p(q) = -3*f(q) - 4*m(q). Give p(2).
-4
Suppose -5*x - 5*r = 55, 3*r = 5*x - x + 23. Let c = 12 + x. Suppose -3*s = -c*s - 2. Let k(l) = -l**3 - 3*l**2 - 4*l - 3. Give k(s).
1
Let x be 3/4*(1 - -7). Suppose 0 = -6*u + 4*u - x. Let r(k) = k**2 - k - 4. What is r(u)?
8
Suppose 4*z + 9 - 5 = 0. Let j(y) = 3*y. Give j(z).
-3
Let w(j) = -j**3 + 5*j**2 - j + 6. Let z = -36 - -41. Determine w(z).
1
Let r(t) = 1. Let n(w) = w**2 - 2*w + 6. Let x(j) = -n(j) + 2*r(j). Let i(z) = 4*z**3 - z**2 - 3*z + 0 + 4*z - 1. Let s be i(1). Give x(s).
-7
Let s(n) = -n - 4. Let p be (-12)/(-4)*2/3. Suppose p = 2*k + 3*l, -k - 2*l + 4 - 1 = 0. Determine s(k).
1
Let j = -2 - -2. Let x(i) = -3 + 3*i**2 + j*i - 4*i - 4 + i**3 + 2. Give x(-4).
-5
Let s(d) = -d**2 + 82*d - 37*d + 2 - 38*d. Calculate s(6).
8
Let x(f) = -2*f + 5. Let y = -19 + 8. Let j(g) = -g**3 - 12*g**2 - 11*g - 5. Let v be j(y). Let s = 10 + v. Calculate x(s).
-5
Let k(u) = u**2 + 7*u + 6. Let l(d) = 2*d**2 + 13*d + 11. Let o(f) = 5*k(f) - 3*l(f). Calculate o(-4).
-3
Let b(h) = 3*h - 8. Let q(i) = i - 1. Let n(l) = b(l) - 4*q(l). Suppose m = 2*m. Determine n(m).
-4
Let q(k) = k + 1. Suppose -4*w + 24 = -2*p, 3*w - 6*w + 23 = -4*p. Suppose 0 = -2*s - 0*s - 12. Let x = s + w. Give q(x).
0
Let i(n) = -6*n + 3. Let t = 43 + -40. Determine i(t).
-15
Let z(b) = -2*b + 2. Let l be 3/6*4/6*18. Calculate z(l).
-10
Let d(w) = -w**2 - 3*w + 3. Let n be d(-3). Let z(g) be the first derivative of -2*g - 2*g - 3 - 2*g**3 + n*g + g**2 + 0*g. Calculate z(1).
-5
Let r(u) = u**3 - u**2 + 2*u - 1. Let z = 6 - 11. Let w be (-2 - -4) + 0/z. Calculate r(w).
7
Let c(y) = -2*y**2 - 9 + 11 + 3*y**2 - 10*y. Give c(9).
-7
Let l(c) be the first derivative of -3 + 3*c + 1/3*c**3 - 1/2*c**2. Let k = 2 - -1. Give l(k).
9
Suppose v + 24 = 2*d, 2*d + 0*v - 24 = -4*v. Suppose 5*w - 8 = -5*g - 3, -2*w = -5*g + d. Let a(l) = 4*l**2 + g - 2*l**2 + 2*l + l**3 - 1. What is a(-2)?
-3
Let s(m) be the third derivative of m**6/120 + m**5/12 - m**4/6 + m**3 - 9*m**2. What is s(-6)?
-6
Let o(b) = -b**3 + 6*b**2 - 5*b - 7. Suppose 9 = a + g, -3*a - 2*g + 25 = -g. Let c(i) = -i**3 + 9*i**2 - 7*i - 3. Let k be c(a). What is o(k)?
-7
Suppose 0 = 2*c - o + 12, -2*c - 8 = -5*o + 4. Let l be ((-18)/4)/(c/8). Let h(m) = 0*m**2 + 1 + m**2 - l + 2*m. What is h(-4)?
3
Let n(k) = -7*k + 1. Let l be n(-1). Let v(c) = -c**3 + 9*c**2 - 9*c + 7. Let y be v(l). Let s(q) = -8*q**2 - 1. Give s(y).
-9
Let v(t) = -t**2 + 4*t - 6. Suppose 100 = 2*h + 4*u, -5*h + u + 347 - 119 = 0. Suppose 4*o = -9 - 11, 3*b - 2*o - h = 0. Suppose -l - 2*l = -b. Determine v(l).
-6
Let b(l) = l - 4 - 5 + 9. What is b(-4)?
-4
Let c(y) = -11*y. Suppose 0 = 6*f - 4*f - 52. Suppose 4*s + 2 = -4*v + f, 3*s = -4*v + 19. What is c(v)?
-11
Let j(t) = t**3 - 3*t**2 - 3*t - 3. Suppose 2*g + 32 = 3*x - 2*g, g = -4*x + 30. Let q = x - 4. Calculate j(q).
1
Let l be (-18)/(8/4)*-1. Let x(y) = 4 - 10*y - 2 + l*y - 3. Suppose -t + 0*t - 9 = -m, -5*m = -25. Give x(t).
3
Let w(l) = l**2 - 2*l + 4. Let s be 9*(2*(-1)/6)/(-1). Give w(s).
7
Let a(x) = -2 + 4*x**2 - 4*x - 2*x**2 - 3*x**2. Let r(w) be the first derivative of -w**4/4 - 5*w**3/3 - w**2 + 3*w + 2. Let p be r(-4). Give a(p).
-7
Let w(r) = -r. Let z(s) = -20*s. Let o(y) = -16*w(y) + z(y). Calculate o(1).
-4
Suppose 3*k = 14 + 1. Let q(a) be the third derivative of -a**5/60 + a**4/4 - 2*a**3/3 + a**2. Determine q(k).
1
Let j(c) = -c - 8 + 9 + 0*c + 2*c. Let h(u) = -2*u - 5. Let r(y) = -h(y) - j(y). What is r(5)?
9
Let u(v) be the second derivative of v**3/2 + v**2 + 6*v. Calculate u(-2).
-4
Let f(r) = -r**2 + r + 4. Let h(u) be the second derivative of u**4/12 + u**2/2 - 3*u. Let o(i) = f(i) + 2*h(i). What is o(0)?
6
Let k(a) = 4 + 4*a**3 - 5 + 2*a**2 - 2*a**3. Let v = 7 + -8. Let n be k(v). Let s(b) = -8*b**2 - b - 1. Determine s(n).
-8
Let w(p) = p**2 + 4*p + 4. Let o be w(-4). Let c(s) = -s**3 + 8*s**2 - 7*s. Let f be c(7). Let n(a) = f*a - 3 + 2*a - a. Calculate n(o).
1
Let a be 16/6 - 2/3. Suppose -3*w + a = -2*w. Let m(f) = 8 + f**w + 0 - 1 - 1. Give m(0).
6
Let s(q) = q**3 - 4*q**2 - 5*q - 4. Let o(m) = m**3 - 8*m**2 - 9*m + 5. Let v be o(9). Let g = 10 - v. Calculate s(g).
-4
Let p = 16 + -12. Let s(u) = 5*u**2 + 11*u + 4. Let z(c) = 3*c**2 + 6*c + 2. Let q(n) = p*s(n) - 7*z(n). Give q(2).
2
Let n(c) be the second derivative of -c**7/504 - c**4/6 + c. Let w(m) be the third derivative of n(m). What is w(-1)?
-5
Let q be (3 - -18)/(6/2). Let z(u) = u**3 + u - 1. Let g(h) = 7*h**2 + h - 6. Let d(w) = -g(w) + z(w). Calculate d(q).
5
Let p(v) = -v + 1. Let c(o) = -4*o - 3. Let k(t) = c(t) + 4*p(t). Let q(j) = -17*j + 2. Let i(h) = -13*k(h) + 6*q(h). Calculate i(2).
3
Let t(a) be the second derivative of -a**4/12 - 5*a**3/6 - 3*a**2/2 + a. Calculate t(-4).
1
Let t be -2*2/(-4) + 1. Suppose -5*v = t - 12. Let n(o) = -o + 2. What is n(v)?
0
Let n(w) = -3*w**3 + 2*w**2 + 1. Let p(d) be the second derivative of 4*d**5/5 - 3*d**4/4 + d**3/6 - 3*d**2 + 3*d. Let t(x) = 11*n(x) + 2*p(x). Give t(4).
7
Let v(j) = -j**2 - 2. Let g(a) = 2*a**2 - 9*a + 18. Let t(p) = g(p) + 3*v(p). What is t(-10)?
2
Let h(x) = 4*x**2 + 9*x - 4. Let d(u) = u**2 + u - 1. Let f(m) = -5*d(m) + h(m). Give f(4).
1
Let a(r) be the third derivative of r**4/12 - 5*r**3/6 + 2*r**2. Give a(4).
3
Let g(b) be the first derivative of -1/2*b**2 - 2 + 2*b. Let w(y) = y**2 - 4*y - 4. Let k be w(5). Calculate g(k).
1
Let p(x) = -5 + 5*x + 0*x**3 - x**3 - 6*x**2 + x**2 + 0. Determine p(-6).
1
Let i be (-9)/2 + (5/2 - 2). Let j(h) = h**3 + 4*h**2 + 3*h - 1. Give j(i).
-13
Let a(r) = -r**3 + 4*r**2 - 11*r - 7. Let c(j) = -j**3 + 4*j**2 - 10*j - 6. Let m(z) = 5*a(z) - 6*c(z). Give m(4).
21
Let l(v) = v**2 - 3*v - 2. Let r = 2 + -2. Let n = r - -4. Let q = 7 - n. What is l(q)?
-2
Let o(d) be the second derivative of -d**3/6 + 11*d**2/2 - 19*d. Determine o(12).
-1
Let p = 7 + -5. Let h(i) = -5*i**p - 2 + 4*i + 6*i**2 + 2*i. Determine h(-5).
-7
Let d(i) = i**3 + 2*i**2 + 2*i + 3. Let u = -15 + 13. Determine d(u).
-1
Let q(b) be the second derivative of 0*b**2 + 0 + 1/6*b**3 + 7*b. Give q(6).
6
Let n(k) be the third derivative of k**5/10 + 25*k**4/24 + 5*k**3/6 + 3*k**2. Let t(v) = v**2 + 5*v + 1. Let h(b) = 2*n(b) - 11*t(b). Determine h(5).
-1
Let a(q) be the first derivative of -q**6/120 + q**5/10 + q**4/24 - q**3 + 5*q**2/2 + 3. Let n(k) be the second derivative of a(k). Give n(6).
0
Let m = 9 + -7. Suppose -4 = -3*i + r - m*r, -5*r + 5 = 0. Let s(h) = 7*h**3 + h**2 - h + 1. Determine s(i).
8
Suppose 6 = -r + 5*o + 29, 0 = r + 2*o + 12. Let z(d) = -3*d**2 + 2*d. Determine z(r).
-16
Let u(l) = 3*l - 195*l**2 + l**3 - 195*l**2 + 393*l**2. What is u(-2)?
-2
Let x = -9 - -22. Suppose 2*w + 5 = x. Let f = -4 + w. Let m(l) = l**2 + 1. Calculate m(f).
1
Let m(o) = -o - o**2 - 15*o**3 - 1 + 16*o**3 + 2*o**2. Calculate m(0).
-1
L